What are the prime factors of (i/(17 + x))/(1/(-263))?
263
Let k(y) = -5*y**2 + y**2 + 2 - 2*y + 5*y**2 + y**3. Let v be k(1). Suppose -2*i = -5*i + 4*l + 101, 0 = 5*i - v*l - 159. What are the prime factors of i?
31
Let m be (-6)/2 - 170/(-30)*597. Suppose -m = 4*w - 14*w. List the prime factors of w.
2, 13
Let g(c) = -52*c + 48. Suppose 27*d + 386 = 143. List the prime factors of g(d).
2, 3, 43
Suppose 2*b - 22 = -4. Suppose 0 = -b*q + 5*q + 24. What are the prime factors of 216/16*40/q?
2, 3, 5
Let j = 175 + -115. Let p = j + -60. Suppose -4*i + 297 + 143 = p. List the prime factors of i.
2, 5, 11
Suppose x + 2*x - x = 0. Suppose -2*y - 4*b - 20 = x, -y - y + b - 40 = 0. What are the prime factors of (y/27)/(4/(-654))?
109
Suppose -12 + 6 = -s. Suppose 48 = s*w - 2*w. Suppose j = -0*j + w. List the prime factors of j.
2, 3
Suppose -63*p + 15*p + 647043 + 1124685 = 0. List the prime factors of p.
7, 5273
Let n(k) = -k**3 + k**2 + 5. Let x be n(0). Let q be -4*(-2)/(-4) - x/(-1). Suppose 105 + 474 = 5*t + q*r, 0 = 5*t - r - 587. List the prime factors of t.
3, 13
Suppose -14*m = -2*p - 15*m + 2708, -4*p + 5402 = -5*m. Suppose 5*v - 3*x = p + 561, -1152 = -3*v + 3*x. List the prime factors of v.
3, 127
Suppose -3*o - 27 = -108. Let w be 18/(-4)*9/(o/(-102)). Let k = w - 39. List the prime factors of k.
2, 3, 19
Let w = 12682 + -2599. What are the prime factors of w?
3, 3361
Let l(q) = 2*q**3 - 24*q**2 + 2*q - 12. Let f(h) = h**3 + 2*h**2 - 16*h + 7. Let j be f(-5). What are the prime factors of l(j)?
2, 3
Let f be 4 - (-23 - -5)*20. Suppose -6*g - f = -5*g. Let q = -135 - g. What are the prime factors of q?
229
Suppose -2*r - 2 + 10 = 0, 0 = -m - 4*r + 47. Suppose -5*o - 5*p + 269 = -m, -4*p = 3*o - 176. List the prime factors of o.
2
Suppose -3*g + 21451 = -c, 10*g - 9*g - 7161 = -5*c. List the prime factors of g.
7151
List the prime factors of (-1614504)/(-64) + 6*6/96 - -6.
3, 13, 647
Let u(h) be the first derivative of 8*h**3/3 + 3*h**2/2 + h - 44. List the prime factors of u(-9).
2, 311
Let n(p) = p**2 + p - 14. Let z be n(-4). Suppose 0 = -0*q + 4*q + 780. List the prime factors of (q/z)/((-7)/(-14)).
3, 5, 13
Let m(z) = -5*z**2 + 7*z - 48. Let a be m(9). Let x = a - -795. What are the prime factors of x?
3, 5
Let g(h) = -11*h - 30. Let u be (0 - 4)*(1/2 + -4). Suppose -3*x - 2*p - 40 = 0, 2*x + u = 5*p - 0*p. List the prime factors of g(x).
2, 3, 17
Let r(k) = -131*k + 6. Suppose 8*m - 12 = 14*m. List the prime factors of r(m).
2, 67
Let n(p) = -p**3 + 7*p**2 + 43*p - 36. Let z be n(-16). Suppose -3*g = -4*u + z, 5*u + 2*g + g = 6455. List the prime factors of u.
1291
Suppose -6*u + u + 55 = 5*i, -3*i + 4*u + 26 = 0. Suppose -i*m = -12*m + 20. Suppose -l = -0 - m. List the prime factors of l.
2, 5
Let w be (-788)/(-18) - (-1 - 35/(-45)). Suppose w - 294 = -2*v. Let k = 15 + v. What are the prime factors of k?
2, 5, 7
Let r(v) = -v - 1. Let k be r(-3). Let w(b) be the second derivative of 5*b**4/12 + 2*b**3/3 - 6*b**2 + 5285*b. What are the prime factors of w(k)?
2
Let s(f) = f**3 + 24*f**2 + 42*f - 56. Let j be s(-22). Let d(q) = -2*q**3 - 17*q**2 - 29*q + 17. List the prime factors of d(j).
1373
List the prime factors of (440/(-16))/(-11)*38*9.
3, 5, 19
Let r(c) = 82 + 20 - 123*c + 74*c + 63*c. What are the prime factors of r(5)?
2, 43
Suppose -b = -8*b + 14. Let y be ((-7)/(-7))/(b/(-12)*-2). Suppose d - 2*o = 89, -y*d + 3*o - 2*o + 282 = 0. What are the prime factors of d?
5, 19
Let q = 449 - 449. Let f be (-295)/(2 + 5/(-2)). Suppose 0 = -q*z + 5*z - f. What are the prime factors of z?
2, 59
Suppose 3*w - 14*w = -33473. Suppose 38*l = 21*l + w. List the prime factors of l.
179
Suppose 5*v - l = 21, 5*v - l + 19 = 8*v. Suppose 2*y = v*a - 3744, 10*a - 8*a - 1491 = 3*y. What are the prime factors of a?
2, 3, 5
Let c = -28 - -15. Suppose -58 = -2*f - 2*y, -9*f - 3*y - 17 = -10*f. Let n = f - c. List the prime factors of n.
3, 13
Suppose -9*o + 4*o + 9595 = -5*q, -5*o = q - 9625. Suppose o = v - l, 10*v + 1927 = 11*v + 2*l. What are the prime factors of v?
5, 7, 11
Let l = -55391 + 82929. List the prime factors of l.
2, 7, 281
Suppose 13*r - 55342 = -54*r. What are the prime factors of r?
2, 7, 59
Let l = 30 + -24. Suppose a = 3*w + 163, -w + l*w + a = -285. What are the prime factors of (-4 + w/(-3))*9?
2, 3, 11
What are the prime factors of (9/(-8)*(-12846)/9)/(3/20)?
5, 2141
Let z(q) = 11*q**2 + 28*q + 52. List the prime factors of z(-35).
12547
Suppose 3*i = 0, 46*g - 44*g + 4*i - 10848 = 0. What are the prime factors of g?
2, 3, 113
Let i(y) = 2*y + 41. Let t be i(-19). Suppose -9*a + 36 = -t*a. Suppose a*s - 40 = s. List the prime factors of s.
2
Suppose -p - 16 = -0*p - 5*l, -3*p - l - 112 = 0. Let c = 5626 + -5730. Let h = p - c. List the prime factors of h.
2, 17
Suppose 110 = g + 4*g. Suppose y - 8 - g = -2*z, 4*y - 98 = 3*z. Let f = 28 - y. List the prime factors of f.
2
Let q = 2 + 3. Let w = -1569 + 1646. Suppose q*v - 68 - w = 0. What are the prime factors of v?
29
Suppose 4*o + 8372 = 8*o. Suppose 3*d + 671 = o. What are the prime factors of d?
2, 3, 79
Let q = -18193 - -24507. What are the prime factors of q?
2, 7, 11, 41
Let t(a) = -14 - 7*a + a**2 + 2*a + 3. Let i be t(7). List the prime factors of 202/(3*((-4)/i + 2)).
101
List the prime factors of ((-14)/35)/((-4)/(-10))*-24311.
7, 23, 151
Let m be (-8)/(-3)*(-60)/16. What are the prime factors of -2 + (-26)/m - (-852)/30?
29
Let d(o) = 8385*o - 4. List the prime factors of d(7).
19, 3089
Suppose -1210 = -u - u. Suppose -2*w + 0*w - 2*q + 600 = 0, 0 = -2*w - q + u. What are the prime factors of w?
5, 61
Let s(b) = -4 + 2*b + 88*b**2 + 7 + 2*b + 1 + 87*b**2. List the prime factors of s(-1).
5, 7
Suppose 0 = 2*t + 2*r - 22932, 3*t - 34406 = -558*r + 563*r. List the prime factors of t.
11467
Let g(m) = m**2 + 8*m - 310. What are the prime factors of g(79)?
6563
Suppose 3*y + 4 = p - 3, 5*p + 3*y = 17. Let c be 3*(1 + -4 + p). Suppose -4*r - 2*l = -436, r + c*r - 416 = 3*l. What are the prime factors of r?
107
List the prime factors of (364/130)/((-164577)/41145 - -4).
2, 7, 13, 211
Let p be ((-42)/10 + 3)/(6/(-160)). Let i(t) = 50*t + 259. List the prime factors of i(p).
11, 13
Let l(o) = 4*o**2 + 102*o + 3739. List the prime factors of l(-46).
7, 29, 37
Suppose -c + 5*k - 46 = 0, 37 = -c + 4*k - 7. Let t = -36 - c. Suppose t = -11*n + 3*n + 472. List the prime factors of n.
59
Let w(m) = -m**3 + 9*m**2 - 7*m + 2. Let y be w(2). Suppose -7*x + 3*x + y = -2*u, 3*x = -2*u + 19. List the prime factors of u.
2
Suppose -4*t + 6665 = d, -5*d + 306*t - 311*t = -33250. List the prime factors of d.
3, 5, 443
Let a = -1129 + 17341. List the prime factors of a.
2, 3, 7, 193
Suppose 0 = p - 2*i + 2, 0 = p + 5*i - 50 + 17. Suppose -p*v = -31*v + 16330. What are the prime factors of v?
2, 5, 71
Suppose -5*l = -2*k - 3586, 5*k = -15*l + 14*l + 728. Suppose -22*r + 3754 = l. List the prime factors of r.
2, 3, 23
Let a = -135 - -134. What are the prime factors of (-4)/a + (369 - -30)?
13, 31
Suppose 25*p - 10*p - 275628 = 3*p. What are the prime factors of p?
103, 223
Let k be 1 - (0 - -2) - (-28 - -34). Let h(u) = 2*u - 27. Let b be h(k). List the prime factors of (-5)/1 - -1 - (-1 + b).
2, 19
Let l = -665 + 266. Let x = -276 - l. List the prime factors of x.
3, 41
Suppose -85*g = -63*g - 504988. What are the prime factors of g?
2, 23, 499
Suppose 12*v - 181321 + 30229 = 0. List the prime factors of v.
3, 1399
Let v be (0/4 - (1 - 0))*-79. Let x(t) = v*t - 2 + 1 - 147*t. What are the prime factors of x(-3)?
7, 29
Suppose -5*w = -5*h - 253374 - 13931, -3*w - 10*h + 160487 = 0. List the prime factors of w.
3, 13, 457
What are the prime factors of 304/(-684)*-3*(-9)/(-6) + 14951?
19, 787
Let d = 81946 - 55226. What are the prime factors of d?
2, 5, 167
Let i(s) = -2*s**2 + s + 1. Let d(u) = -10*u**2 + 28. Let h(k) = -d(k) + 3*i(k). List the prime factors of h(-6).
101
Let v be 376/(-16)*(-3 - -13). Let q = 4 - v. List the prime factors of q.
239
Suppose 5*m - d + 2*d - 2445 = 0, 0 = -3*m - 4*d + 1450. Let s = 1093 - m. List the prime factors of s.
3, 67
Let o(j) = -j**3 - 37*j**2 + 159*j + 5. Let r be o(-41). Let b = r - -110. What are the prime factors of b?
2, 5
Suppose 0 = 17*j - 